v, 2*v + 3*t - 8 = 0. Let k be ((-3)/2)/(v/(-4)). Let g(r) = 3*r**2 + 4*r - 1. What is g(k)?
14
Let l(w) = -w**3 - 2*w**2 + 5*w + 6. Let m be l(-3). Suppose -2*z + 8 - 20 = m. Let t(s) = 2*s + 8. Calculate t(z).
-4
Let q(z) = -6*z + 2. Let m be (243/45 + -6)/(6/(-40)). Determine q(m).
-22
Let j(v) be the third derivative of -v**5/60 + 13*v**4/24 - 9*v**3/2 + 9*v**2 - 6. Calculate j(11).
-5
Let s(m) = 7*m**2 - 2*m + 1. Let k be 0/(2 - (-1 - 7)/(-2)). Suppose k = -r - r + 2. Give s(r).
6
Suppose 2*w + 2 = 6. Let s be (1 + (-3)/2)*w. Let t be -3 - 4 - s*1. Let i(v) = -v**3 - 5*v**2 + 5*v - 6. What is i(t)?
0
Let u(n) be the third derivative of n**8/20160 + n**7/840 - n**6/720 + n**5/6 - 16*n**2. Let k(d) be the third derivative of u(d). What is k(-7)?
6
Let o(a) = 5*a. Let j(q) = 7*q + 33. Let c be (-2)/4*((11 - -3) + -4). Let s be j(c). Give o(s).
-10
Let j = 4914 + -4913. Let y(l) be the second derivative of -5*l**4/12 + l**3/6 - l**2/2 + l. Give y(j).
-5
Suppose 0 = 5*c + 9 - 14. Let u be 5/15*(c + 5). Let n(r) = -r**2 - r + 0*r**2 - 1 - r**u + 3*r**2. Give n(-2).
5
Let t(v) = -3*v - 4. Suppose 0 = -9*z + 55 - 154. Let b(q) be the third derivative of -q**5/60 - 5*q**4/12 + 4*q**3/3 + q**2. Let w be b(z). Determine t(w).
5
Let b(v) = v**2 + 2*v + 9. Suppose 5*t - 20 = 2*m, -3*t - t + 16 = 5*m. Calculate b(m).
9
Let l(i) = i**2 - 5*i + 4. Let y be l(4). Let s(g) = 150*g**3 - 151*g**3 - g**2 - 9 - 15*g + 16*g. Calculate s(y).
-9
Let j(h) = 20*h - 1. Suppose 2*r - 2 + 11 = -3*q, q + 2*r = -7. What is j(q)?
-21
Suppose -2*w - 24 = -4*t, -2*w + 8 = 3*t - w. Suppose -3*h - 2*c + 13 = 0, 3*c + t - 16 = -3*h. Let v(d) = -3*d + 2*d + h + 0*d. Determine v(0).
5
Let d(r) = -48*r + 3 + 46*r + 2 - 4. What is d(2)?
-3
Let t = -37 + 38. Let k(j) = -42*j + 0*j**2 + 1 + j**2 + 3*j**3 + 41*j. Let o be k(t). Let g(a) = -a. What is g(o)?
-4
Let g(h) = 2*h**2 - 2*h + 1. Let r be g(1). Let a(t) = 0*t + t**2 + 0 + r - 7 + 5*t. Give a(-6).
0
Let f be (-9)/(-15) + (-102)/(-30). Suppose -4*n = f, -o - o = -3*n + 9. Let j(b) = b**3 + 6*b**2 + 5. What is j(o)?
5
Suppose 1 + 7 = -3*h + 4*d, 5*h + 5 = 5*d. Let z = -4 - -6. Let n(u) = 4 + 0 + z + h*u. What is n(-4)?
-10
Let f(x) = -x**3 - 4*x**2 + 2*x. Let z = 35 + -31. Suppose -17 = -a + z*s - 6, 5*s + 15 = a. Give f(a).
15
Let g(z) be the first derivative of -z**3/3 - z**2/2 - 2. Let h = -2 + 2. Let b be h/(-1 - (-8)/(-4)). Calculate g(b).
0
Let u(t) = 4*t + 19. Let a be u(-7). Let y be 5 - (-1 - -3) - (-18)/a. Let j(s) = 10*s. What is j(y)?
10
Let a = 95 - 98. Let u(p) be the second derivative of p**4/12 + p**2/2 - 2*p. What is u(a)?
10
Let k(c) = -c**3 - 3*c**2 + 2*c + 3. Let z(f) = -f**3 - 4*f**2 - 3*f - 1. Let b = -7 + 5. Let r be z(b). Determine k(r).
-3
Let h(p) = -p**2 + p - 1. Let q be (-1940)/65 + (-4)/26. Let x = -21 - q. Let j be x/3 - (-4)/(-2). Calculate h(j).
-1
Let z(o) = 4*o - 6. Let n = 17 + -13. Determine z(n).
10
Let l(z) = -z**3 + z**2 + z + 1. Let q(k) = 6*k**3 - 12*k**2 + 2*k - 2. Let h(p) = -5*l(p) - q(p). Let y = 8 + -15. Let s = y + 13. Give h(s).
-9
Suppose -5*l - 2*m = -177, -2*m - 44 = -3*l + 59. Suppose 38*w + 9 = l*w. Let b(q) = -q**3 - 3*q**2 - 3*q. What is b(w)?
9
Let o(v) = v - 3. Let s be 9/3 - -5*6. Let t = -36 + s. Calculate o(t).
-6
Let a be 4/16 - (-30)/8. Let b(f) = 2*f - 3 - 3 + a + f**2. Let g(l) = l**2 + 5*l - 4. Let z be g(-5). What is b(z)?
6
Let d(k) = -9*k - 1. Let f(w) = -w. Let s(i) = -d(i) + 6*f(i). Determine s(-6).
-17
Let w(i) = -6*i**2 + 15*i + 13. Let m(k) = -5*k**2 + 13*k + 13. Let d(z) = 7*m(z) - 6*w(z). Calculate d(0).
13
Let m(d) = -3*d**2 + 3*d + 2. Let j(i) = -4*i**2 + 4*i + 3. Let x(b) = 2*j(b) - 3*m(b). Let k(y) = -46*y**3 + 229*y**2 + 4*y + 8. Let p be k(5). What is x(p)?
6
Let m(d) = d**2 + 10*d + 6. Let j be m(-7). Let b be j*(10/(-3) + 3). Let c(v) = -2*v + 7*v - 5*v**2 - b*v. Calculate c(1).
-5
Let n = 2 + -1. Let u be 12/1*3*n/(-6). Let x(g) = -g**3 - 7*g**2 - 6*g + 1. Give x(u).
1
Let h(v) be the first derivative of v**2 - 1/4*v**4 + 0*v + 4 - v**3. Give h(-4).
8
Suppose 3*m + 2 = 2*m, -g + 5 = -m. Let l(f) = -f**3 + 3*f**2 - f + 2. Determine l(g).
-1
Let m(y) = y**2 - y. Let q(h) = -h**2 - 7*h - 4. Let a(k) be the first derivative of -k**2/2 - 6*k + 3. Let o be a(0). Let p be q(o). What is m(p)?
2
Let y(w) = w**3 + 10*w**2 + 3. Let g be y(-10). Let n(b) = 0*b - g*b + 2*b - 2 - b + b**2. Calculate n(-2).
6
Let m(j) = -20*j - 6. Let s(o) = -42*o - 13. Let a(d) = 9*m(d) - 4*s(d). Determine a(4).
-50
Let i be (-40)/70*((-93)/(-6) + -5). Let t(h) = h**3 + 6*h**2 + 5*h + 2. Give t(i).
-28
Let p(c) = 6*c - 84. Let m be p(12). Let d(q) = -q**3 - 13*q**2 - 13*q - 15. Determine d(m).
-3
Let w(k) = -k**2 + 7*k - 4. Let q be w(6). Suppose -5*o + 15 = 0, 5*p - 12 = -q*o - 1. Let b(h) be the third derivative of -4*h**5/15 + 3*h**2. Give b(p).
-16
Let b(f) = -5*f + 3. Let v(k) = -k - 1. Let q(c) = -b(c) + 2*v(c). Let x = 2241 + -2247. Determine q(x).
-23
Let g(x) = 2*x + 3. Let v(y) be the first derivative of y**4/2 + y**3/3 - y - 6. Let n be v(-1). Determine g(n).
-1
Let d(l) = -17*l - 2. Let g be (-4 + -2)*(26/4 + -7). Calculate d(g).
-53
Let k = -72 - -72. Let q(o) be the first derivative of -o**3/3 + 18*o - 2. Calculate q(k).
18
Let g(o) = 8*o + 81. Let l be g(-9). Suppose 4*x - b + 13 = 0, -4*x + 5 = -l*x - b. Let v(c) = c**3 + 2*c**2 + 4*c + 2. Give v(x).
-6
Suppose v + 5*x - 2*x = -1, -x = -4*v + 9. Suppose -2*o + 8 = 2*i + v, -3*o + 4*i - 12 = 0. Let r(d) = 1 - d + o*d + 1. Calculate r(6).
-4
Let u(k) = 2*k + 8. Let b = 1198 - 1201. What is u(b)?
2
Suppose -u + 10*u = -99. Let b(p) = p**3 + 10*p**2 - 11*p - 7. Give b(u).
-7
Let c be 1 + (1 - 5) - (-65 + 67). Let r(n) = -2*n - 6. Calculate r(c).
4
Let s(w) = -w**3 - 4*w**2 + w + 3. Let f = -129 + 126. Determine s(f).
-9
Suppose -c = -3*c - 2*k, -c - 5*k + 16 = 0. Let x be c/8*-6 + -9. Let v(z) = 3*z + 3. Let b(r) = -4*r - 3. Let f(t) = x*v(t) - 5*b(t). Give f(5).
7
Let a(x) = 5*x**2 + 8*x - 1. Let s = 2 - -1. Let m(d) = 0 - 1 - 1 + 0*d + 4*d**2 + 7*d. Let q(n) = s*a(n) - 4*m(n). Determine q(-6).
-7
Suppose -13*f = f - 28. Suppose -3*o - 6*g + f*g - 8 = 0, 5*g = -10. Let z(i) = -i**3 - i**2 + i + 8. Give z(o).
8
Let r = -3240 + 3230. Let x(l) be the third derivative of l**5/60 + 5*l**4/12 - 3*l**3/2 - l**2. What is x(r)?
-9
Let w(i) be the first derivative of 11*i**2/2 - i - 2. Let s = 37 - 36. Give w(s).
10
Let i be (20/2 - 6)*3/(-2). Let g(n) = n + 8. What is g(i)?
2
Let r(x) = -6*x + 127 + 5*x - 123. Determine r(3).
1
Let i(d) = -d**3 + 15*d**2 + 16*d + 3. Let q = -328 - -344. Calculate i(q).
3
Let t = 212 + -207. Let g(s) = -s**3 + 4*s**2 + s + 6. Give g(t).
-14
Let h(g) = -g - 1. Suppose 2*s = 5*o - 13, -2*o - 2*s + 10 = 2*s. Let r be (5/(-2) - -1)*6/o. What is h(r)?
2
Let o = -287 + 281. Let l(j) = -j**3 - 5*j**2 + 8*j + 5. Calculate l(o).
-7
Let k = -125 - -131. Let n(l) be the first derivative of -3*l**2/2 + 7*l + 20. Give n(k).
-11
Let q(a) = -a**3 + a**2 + 3*a + 2. Let s = -230 - -233. Calculate q(s).
-7
Let s(o) = 3*o**2 + 2. Suppose -8 - 112 = 3*x. Let d be 10/(-45) - x/18. Calculate s(d).
14
Let i(w) = -32 + 38 + 46*w - 49*w. Determine i(2).
0
Let h(f) be the first derivative of f**5/120 - f**4/24 - 5*f**3/3 + 4. Let o(y) be the third derivative of h(y). Determine o(-5).
-6
Let y(x) = -x**3 + 4*x**2 + 6*x - 3. Let w be y(5). Let b(a) = 0*a + 3*a - 1 + 0*a. Give b(w).
5
Let j(a) = 4*a - 10. Let f(w) = -3*w + 8. Let b(k) = 6*f(k) + 4*j(k). Suppose -10*y + 18 = -7*y. Determine b(y).
-4
Let j(z) be the third derivative of z**7/840 + z**6/40 - z**5/15 + 5*z**4/12 + 20*z**3/3 - 5*z**2. Let o(b) be the first derivative of j(b). What is o(-10)?
-10
Let p(g) be the second derivative of -g**5/20 - g**4/3 + g**3/3 - g**2 - 94*g. What is p(-4)?
-10
Suppose -9*f = -7*f - 6. Let j(m) be the first derivative of -1/3*m**f + 2 - m**2 + 0*m. Calculate j(-2).
0
Let t(r) = 2*r**2 - 6*r - 8. Let p(j) = -j**2 + 6*j + 7. Let g(u) = -4*p(u) - 3*t(u). Determine g(-6).
-40
Let a(z) = -3*z - 2. Let j(c) = -24*c - 358. Let y be j(-15). Determine a(y).
-8
Let n(j) be the first derivative of j**4/4 + 4*j**3/3 - 3*j**2 - 7*j - 1. Suppose y - 3*u = -5 - 6, 3*y = -4*u - 7. What is n(y)?
-2
Suppose 3*f + 2 = 8. Let o(q) = -f + 10